
Is 802478 a multiple of 892?
False
Is 160 a factor of 985600?
True
Is 601236 a multiple of 76?
True
Does 2 divide 32836?
True
Is 1224474 a multiple of 69?
True
Does 255 divide 979064?
False
Is 175634 a multiple of 137?
True
Does 1062 divide 17467776?
True
Is 12 a factor of 511647?
False
Is 112 a factor of 736326?
False
Does 437 divide 279247?
False
Does 39 divide 166374?
True
Is 61711 a multiple of 47?
True
Is 30 a factor of 15126630?
True
Does 8 divide 12056?
True
Is 726 a multiple of 22?
True
Is 351 a factor of 75465?
True
Does 78 divide 16614?
True
Does 13 divide 564229?
False
Is 10 a factor of 639908?
False
Does 41 divide 417749?
True
Does 368 divide 223744?
True
Is 6 a factor of 44820?
True
Does 6 divide 1162674?
True
Is 621 a factor of 2253592?
False
Is 313236 a multiple of 14?
True
Is 23325415 a multiple of 349?
True
Is 3656667 a multiple of 41?
True
Does 159 divide 129108?
True
Is 10 a factor of 70561?
False
Is 30 a factor of 27480?
True
Is 2419939 a multiple of 32?
False
Does 3 divide 6169730?
False
Does 13 divide 12723529?
True
Is 278 a factor of 334621?
False
Does 12 divide 150569?
False
Is 2035512 a multiple of 34?
True
Does 26 divide 36442?
False
Is 25 a factor of 2290550?
True
Is 697293 a multiple of 369?
False
Is 379 a factor of 279496?
False
Is 234 a factor of 2616588?
True
Is 102600 a multiple of 190?
True
Does 230 divide 80960?
True
Does 276 divide 1142617?
False
Is 424710 a multiple of 78?
True
Does 528 divide 276672?
True
Does 4 divide 593821?
False
Is 251 a factor of 127493?
False
Is 13 a factor of 20400024?
False
Is 134 a factor of 1778219?
False
Does 22 divide 1647360?
True
Is 5577 a multiple of 33?
True
Does 22 divide 137148?
True
Is 228740 a multiple of 166?
False
Does 3 divide 527260?
False
Is 2429952 a multiple of 512?
True
Does 53 divide 1136942?
False
Does 34 divide 401470?
False
Does 67 divide 14338?
True
Does 331 divide 216996?
False
Is 230 a factor of 85628?
False
Is 1333 a factor of 6534366?
True
Is 6802588 a multiple of 1508?
True
Does 21 divide 105171?
False
Is 8689384 a multiple of 38?
True
Is 645 a factor of 10080705?
True
Does 3 divide 554001?
True
Is 11 a factor of 1076451?
False
Is 250 a factor of 527407?
False
Does 31 divide 151841?
False
Does 464 divide 210390?
False
Is 5 a factor of 5771?
False
Does 46 divide 104769?
False
Is 138 a factor of 485622?
True
Is 11 a factor of 3775?
False
Is 2 a factor of 734075?
False
Is 9 a factor of 2766005?
False
Does 41 divide 2206020?
False
Is 1028734 a multiple of 394?
True
Does 35 divide 350770?
True
Does 4 divide 418947?
False
Does 4 divide 1727?
False
Is 95 a factor of 2216065?
True
Is 1258062 a multiple of 27?
False
Is 7125 a multiple of 15?
True
Is 116139 a multiple of 3?
True
Does 34 divide 124565?
False
Is 20 a factor of 17692541?
False
Is 160 a factor of 855040?
True
Is 70 a factor of 20467?
False
Does 18 divide 1822124?
False
Does 295 divide 171145?
False
Is 11645425 a multiple of 935?
True
Is 150 a factor of 146250?
True
Is 26 a factor of 122510?
False
Is 13 a factor of 27027?
True
Does 325 divide 4841457?
False
Is 208 a factor of 242736?
True
Is 618 a factor of 190344?
True
Is 1471552 a multiple of 32?
True
Is 128 a factor of 5125632?
True
Does 20 divide 105215?
False
Does 102 divide 140250?
True
Is 1516868 a multiple of 172?
True
Is 535 a factor of 1550071?
False
Is 18 a factor of 321376?
False
Is 181 a factor of 34901?
False
Is 55106 a multiple of 391?
False
Is 1257116 a multiple of 278?
True
Does 10 divide 442830?
True
Does 53 divide 167270?
False
Does 39 divide 169884?
True
Is 751903 a multiple of 4?
False
Is 1045429 a multiple of 3?
False
Does 40 divide 62967?
False
Does 19 divide 134957?
True
Is 14560 a multiple of 12?
False
Does 134 divide 196580?
False
Is 642214 a multiple of 12?
False
Is 35 a factor of 782320?
True
Does 101 divide 347036?
True
Is 16 a factor of 962865?
False
Is 35 a factor of 65144?
False
Is 60 a factor of 5442913?
False
Is 320068 a multiple of 7?
True
Is 19 a factor of 223098?
True
Does 126 divide 982070?
False
Does 20 divide 309080?
True
Does 25 divide 82425?
True
Is 25500 even?
True
Is 375420 a multiple of 20?
True
Is 5583 a multiple of 38?
False
Is 156 a factor of 1123960?
False
Is 7 a factor of 15176?
True
Does 27 divide 585738?
True
Does 91 divide 3265808?
True
Does 268 divide 355113?
False
Is 689630 a multiple of 10?
True
Is 7 a factor of 3266739?
True
Is 1876093 a multiple of 175?
False
Is 7 a factor of 40194?
True
Is 637286 a multiple of 26?
True
Does 77 divide 164395?
True
Is 54 a factor of 136026?
True
Is 27 a factor of 2309414?
False
Does 94 divide 49208?
False
Does 17 divide 151827?
True
Does 1282 divide 3137320?
False
Is 390544 a multiple of 154?
True
Is 3419088 a multiple of 23?
True
Does 6 divide 5931936?
True
Is 11 a factor of 11087175?
True
Is 489351 a multiple of 3?
True
Is 8 a factor of 3878048?
True
Is 9081 a multiple of 9?
True
Does 34 divide 999825?
False
Is 302 a factor of 2467899?
False
Does 86 divide 18701?
False
Is 144 a factor of 506736?
True
Is 106583 a multiple of 164?
False
Is 6 a factor of 117486?
True
Is 492818 a multiple of 443?
False
Is 15 a factor of 111556?
False
Is 1016311 a multiple of 17?
True
Is 38917 a multiple of 17?
False
Is 5 a factor of 947460?
True
Is 70 a factor of 11060?
True
Is 3309682 a multiple of 352?
False
Is 446 a factor of 2151504?
True
Does 2 divide 97159?
False
Is 2529075 a multiple of 62?
False
Is 10 a factor of 443520?
True
Is 42 a factor of 23651092?
False
Is 403260 a multiple of 429?
True
Is 21052766 a multiple of 742?
True
Is 47126 even?
True
Is 124 a factor of 458375?
False
Is 107 a factor of 3081921?
True
Does 49 divide 145933?
False
Is 361 a factor of 203965?
True
Is 58 a factor of 67918?
True
Is 205552 a multiple of 232?
True
Is 5231192 a multiple of 104?
False
Is 203 a factor of 180061?
True
Is 40178 a multiple of 15?
False
Is 4 a factor of 383404?
True
Is 11 a factor of 106926?
False
Is 2634817 a multiple of 13?
False
Does 467 divide 5327?
False
Is 160266 a multiple of 11?
False
Is 310608 a multiple of 108?
True
Is 92 a factor of 245253?
False
Is 70 a factor of 4330551?
False
Does 450 divide 515580?
False
Is 242845 a multiple of 5?
True
Is 555335 a multiple of 5?
True
Is 10 a factor of 1139350?
True
Does 21 divide 548961?
True
Does 8 divide 131616?
True
Is 453 a factor of 6291738?
False
Does 36 divide 115488?
True
Is 13 a factor of 16770741?
True
Is 875361 a multiple of 5?
False
Is 1068 a factor of 5041549?
False
Does 3 divide 14556?
True
Is 13382932 a multiple of 142?
True
Does 106 divide 328070?
True
Does 12 divide 252?
True
Is 103 a factor of 5292014?
False
Is 4348512 a multiple of 56?
True
Does 4 divide 66848?
True
Is 5400 a multiple of 15?
True
Is 11 a factor of 355872?
True
Does 51 divide 585859?
False
Is 1632227 a multiple of 93?
False
Does 223 divide 3345?
True
Is 1178240 a multiple of 14?
True
Is 7 a factor of 1115772?
True
Is 167340 a multiple of 15?
True
Does 13 divide 179518?
False
Is 1393222 a multiple of 182?
False
Does 12 divide 1847580?
True
Is 1483392 a multiple of 128?
True
Is 22258892 a multiple of 617?
True
Is 77216 a multiple of 105?
False
Does 38 divide 1079687?
False
Does 19 divide 522519?
True
Is 24448 a multiple of 191?
True
Is 234 a factor of 31204602?
True
Is 786784 a multiple of 46?
True
Is 3063250 a multiple of 11?
False
Does 20 divide 2908465?
False
Does 8 divide 2665854?
False
Is 5175938 a multiple of 341?
False
Is 36157 a multiple of 6?
False
Does 50 divide 6363150?
True
Does 22 divide 48222?
False
Is 30 a factor of 4134750?
True
Does 10 divide 54410?
True
Is 4 a factor of 440332?
True
Does 6 divide 45480?
True
Does 20 divide 34744?
False
Is 1690513 a multiple of 491?
True
Is 15 a factor of 13786?
False
Does 85 divide 7987535?
True
Does 36 divide 106155?
False
Is 362981 a multiple of 174?
False
Is 210455 a multiple of 245?
True
Is 180 a factor of 557630?
False
Is 1166795 a multiple of 17?
True
Does 174 divide 41238?
True
Is 2686 a multiple of 17?
True
Is 821486 a multiple of 862?
True
Is 177 a factor of 899868?
True
Does 10 divide 25180?
True
Is 24 a factor of 85259?
False
Does 105 divide 362355?
True
Is 17640 a multiple of 14?
True
Is 971232 a multiple of 12?
True
Does 12 divide 1655948?
False
Does 162 divide 1018494?
True
